ate the remainder when 192223 is divided by 32037.
1
Calculate the remainder when 13557 is divided by 106.
95
What is the remainder when 524 is divided by 73?
13
What is the remainder when 5540 is divided by 691?
12
Calculate the remainder when 517 is divided by 82.
25
Calculate the remainder when 57528 is divided by 16.
8
Calculate the remainder when 50524 is divided by 335.
274
Calculate the remainder when 275876 is divided by 143.
29
What is the remainder when 1760 is divided by 139?
92
Calculate the remainder when 8480 is divided by 44.
32
Calculate the remainder when 537 is divided by 532.
5
Calculate the remainder when 2670 is divided by 352.
206
Calculate the remainder when 81400 is divided by 3.
1
What is the remainder when 105991 is divided by 17?
13
Calculate the remainder when 10083 is divided by 360.
3
What is the remainder when 1124987 is divided by 34?
29
Calculate the remainder when 7596 is divided by 796.
432
What is the remainder when 3214 is divided by 971?
301
What is the remainder when 29423 is divided by 77?
9
Calculate the remainder when 78140 is divided by 407.
403
What is the remainder when 982 is divided by 359?
264
Calculate the remainder when 14260 is divided by 20.
0
What is the remainder when 1929 is divided by 951?
27
What is the remainder when 1139 is divided by 169?
125
What is the remainder when 20551 is divided by 41?
10
Calculate the remainder when 6695 is divided by 62.
61
What is the remainder when 1256 is divided by 293?
84
What is the remainder when 162599 is divided by 746?
717
What is the remainder when 863 is divided by 37?
12
What is the remainder when 21050 is divided by 240?
170
Calculate the remainder when 102479 is divided by 168.
167
What is the remainder when 15625 is divided by 15610?
15
Calculate the remainder when 300951 is divided by 463.
1
What is the remainder when 2881 is divided by 101?
53
What is the remainder when 17067 is divided by 2132?
11
What is the remainder when 68480 is divided by 59?
40
What is the remainder when 7865 is divided by 108?
89
What is the remainder when 79964 is divided by 154?
38
Calculate the remainder when 455 is divided by 75.
5
What is the remainder when 2088 is divided by 1032?
24
What is the remainder when 18172 is divided by 1062?
118
Calculate the remainder when 1080 is divided by 83.
1
Calculate the remainder when 338503 is divided by 169.
165
What is the remainder when 2849 is divided by 713?
710
What is the remainder when 6086 is divided by 426?
122
Calculate the remainder when 1419966 is divided by 964.
958
What is the remainder when 187 is divided by 96?
91
Calculate the remainder when 22419 is divided by 38.
37
Calculate the remainder when 2511 is divided by 157.
156
Calculate the remainder when 2195 is divided by 222.
197
Calculate the remainder when 1384 is divided by 692.
0
What is the remainder when 2341846 is divided by 53?
41
What is the remainder when 279553 is divided by 93181?
10
Calculate the remainder when 84737 is divided by 12096.
65
Calculate the remainder when 31102 is divided by 216.
214
What is the remainder when 39261 is divided by 65?
1
Calculate the remainder when 5144 is divided by 157.
120
What is the remainder when 24499691 is divided by 1449?
1448
Calculate the remainder when 75241 is divided by 18805.
21
Calculate the remainder when 6568 is divided by 1292.
108
Calculate the remainder when 264683 is divided by 548.
547
Calculate the remainder when 1170 is divided by 142.
34
What is the remainder when 27205 is divided by 13437?
331
What is the remainder when 46220 is divided by 4611?
110
What is the remainder when 12564 is divided by 697?
18
What is the remainder when 11082 is divided by 191?
4
What is the remainder when 26330 is divided by 8776?
2
Calculate the remainder when 22363 is divided by 339.
328
What is the remainder when 6711 is divided by 767?
575
Calculate the remainder when 6157 is divided by 1922.
391
What is the remainder when 2773 is divided by 196?
29
What is the remainder when 541 is divided by 51?
31
Calculate the remainder when 22044 is divided by 344.
28
What is the remainder when 4077 is divided by 2668?
1409
What is the remainder when 5339 is divided by 4952?
387
What is the remainder when 38495 is divided by 250?
245
Calculate the remainder when 2546634 is divided by 13.
12
Calculate the remainder when 1731831 is divided by 3443.
2
What is the remainder when 151 is divided by 76?
75
Calculate the remainder when 2285 is divided by 177.
161
What is the remainder when 4257 is divided by 2119?
19
What is the remainder when 1055 is divided by 232?
127
What is the remainder when 569639 is divided by 113926?
9
What is the remainder when 224677 is divided by 162?
145
Calculate the remainder when 3018024 is divided by 1003.
1000
What is the remainder when 50605 is divided by 973?
9
Calculate the remainder when 3783 is divided by 390.
273
Calculate the remainder when 691485 is divided by 441.
438
Calculate the remainder when 35026 is divided by 126.
124
What is the remainder when 474240 is divided by 7?
4
What is the remainder when 14333 is divided by 456?
197
Calculate the remainder when 9200 is divided by 255.
20
Calculate the remainder when 14669 is divided by 640.
589
Calculate the remainder when 44520 is divided by 2618.
14
Calculate the remainder when 4052656 is divided by 1018.
1016
Calculate the remainder when 2694 is divided by 114.
72
Calculate the remainder when 1055298 is divided by 610.
608
What is the remainder when 3565 is divided by 327?
295
What is the remainder when 535 is divided by 153?
76
Calculate the remainder when 1426747 is divided by 7.
0
What is the remainder when 122493 is divided by 638?
635
What is the remainder when 655446 is divided by 20?
6
Calculate the remainder when 152567 is divided by 36.
35
What is the remainder when 25204 is divided by 1201?
1184
What is the remainder when 1806 is divided by 372?
318
Calculate the remainder when 80790 is divided by 741.
21
What is the remainder when 121124 is divided by 119?
101
What is the remainder when 87951 is divided by 214?
211
What is the remainder when 34045 is divided by 4251?
37
Calculate the remainder when 9745 is divided by 2235.
805
What is the remainder when 372 is divided by 34?
32
Calculate the remainder when 60579 is divided by 73.
62
What is the remainder when 4653 is divided by 927?
18
Calculate the remainder when 29011 is divided by 130.
21
What is the remainder when 7423 is divided by 39?
13
What is the remainder when 2207 is divided by 988?
231
What is the remainder when 6068 is divided by 862?
34
Calculate the remainder when 590 is divided by 31.
1
What is the remainder when 761 is divided by 428?
333
Calculate the remainder when 15925 is divided by 844.
733
What is the remainder when 257506 is divided by 21?
4
Calculate the remainder when 174425 is divided by 228.
5
Calculate the remainder when 21727 is divided by 420.
307
Calculate the remainder when 3307 is divided by 340.
247
Calculate the remainder when 693116 is divided by 608.
604
What is the remainder when 1861 is divided by 381?
337
Calculate the remainder when 19861 is divided by 613.
245
Calculate the remainder when 38235 is divided by 277.
9
What is the remainder when 307602 is divided by 47?
34
Calculate the remainder when 113830 is divided by 140.
10
What is the remainder when 252459 is divided by 127?
110
What is the remainder when 196314 is divided by 63?
6
Calculate the remainder when 8258 is divided by 880.
338
What is the remainder when 5707 is divided by 1509?
1180
Calculate the remainder when 65068 is divided by 54.
52
Calculate the remainder when 121494 is divided by 13.
9
What is the remainder when 72647 is divided by 36306?
35
What is the remainder when 11554 is divided by 2451?
1750
What is the remainder when 9208 is divided by 9204?
4
Calculate the remainder when 43160 is divided by 14385.
5
What is the remainder when 36637 is divided by 1183?
1147
What is the remainder when 1460 is divided by 505?
450
Calculate the remainder when 241338 is divided by 10.
8
What is the remainder when 299247 is divided by 256?
239
What is the remainder when 97865 is divided by 217?
215
Calculate the remainder when 18310 is divided by 902.
270
What is th